395 - s. List the prime factors of q.
23, 43
Let m = 3936 - -1704. What are the prime factors of m?
2, 3, 5, 47
Suppose -2*l - 3*j = -113 - 145, -l + 5*j = -129. Let t = 400 - l. List the prime factors of t.
271
Suppose -2*k = c + 66, k - 5*k + 8 = 0. What are the prime factors of ((-434)/c)/(2*1/10)?
31
Suppose -4*h = 3*f - 811, -3*h - 610 = -6*h - 4*f. Let d be (-5)/(-20) + (-455)/(-4). Let y = h - d. List the prime factors of y.
2, 11
Let g(x) = 136*x + 2601. Let m be g(-19). Let o(y) be the second derivative of 2*y**3/3 + y**2 + y. List the prime factors of o(m).
2, 5, 7
Suppose 5*f - f = 3*b - 3009, -4*b - 2*f = -3990. What are the prime factors of b?
3, 37
Suppose t = -402*w + 400*w + 1101, -4*t - 4*w + 4420 = 0. What are the prime factors of t?
1109
Let k(w) = -w**3 - 9*w**2 + 17*w + 840. List the prime factors of k(-28).
2, 5, 7, 109
Let n = 3691 - 79. Let w = 193 - 188. Suppose -w*j = -19*j + n. List the prime factors of j.
2, 3, 43
Let j(b) = 111*b**2 - 2*b + 2. Let o(g) = -g**2 + 7*g - 6. Let v(s) = s**2 + 1. Let m(k) = o(k) + 3*v(k). Let w be m(-4). List the prime factors of j(w).
3, 37
Let i(k) = 3*k + 25. Let n be i(-7). Suppose 9*p - 4*p - 40 = -5*y, 4 = -n*y. List the prime factors of p.
3
What are the prime factors of (26474 - (-18 + -5)) + 1*4?
26501
What are the prime factors of 2081 - -51 - ((-33)/6 + 2/(-4))?
2, 1069
Let k = 27863 - -7594. What are the prime factors of k?
3, 53, 223
Suppose 870 = -2*o + 12*o. List the prime factors of (-1)/(2/8*(-4)/o).
3, 29
Suppose 0 = 2*l - 4. Suppose 700 = 4*z - g - l*g, -5*z = 2*g - 852. Suppose -5*n + 228 = -z. List the prime factors of n.
2, 5
Let s be -3*(-2 - (3 - 3 - 1)). Suppose -s*m + 1457 = 2*i, -i + 500 = 2*m - 472. What are the prime factors of m?
487
Let j(a) = -1329*a**3 + 26*a**2 + 93*a + 12. List the prime factors of j(-3).
2, 3, 5, 239
Let x = 44869 + -28267. What are the prime factors of x?
2, 3, 2767
Let y = 41857 - 14999. What are the prime factors of y?
2, 13, 1033
Let n(k) be the third derivative of k**4/24 + 14*k**3/3 - 4*k**2 - k. Let z = 6 - 1. What are the prime factors of n(z)?
3, 11
Suppose 12*z - 1973 = 6979. List the prime factors of z.
2, 373
Suppose 0 = -5*b + 95 + 100. Let m be -2 - 13/(b/(-54)). Let v(r) = r**2 - 9*r - 3. List the prime factors of v(m).
109
Suppose -41*k = -53*k + 216. Let v(r) = 62*r - 187. What are the prime factors of v(k)?
929
Let u(m) = 2 + 1 - 4 + 10*m - 1. Suppose -59*x = -64*x + 40. List the prime factors of u(x).
2, 3, 13
Let c be ((-24)/60)/((-2)/(-10)*-1). Let q(g) = 10 - 164*g + 3*g**c - 12 + 171*g. What are the prime factors of q(-6)?
2
Let m(d) = 2*d - 7. Let h be m(7). Suppose -1305 = -2*o - h*o. What are the prime factors of o?
5, 29
Let h(a) = -38 + 79 - 31 + 2*a. Let l be h(-5). Suppose 3*m = 9*f - 13*f + 121, l = 5*f - 3*m - 158. List the prime factors of f.
31
Let c = -16234 - -23611. What are the prime factors of c?
3, 2459
Let r = 433 + -431. Suppose r*i = 3*x + 1111, 559 = i + x + x. What are the prime factors of i?
557
Let g(w) = -179*w**3 + 6*w**2 + 123*w + 976. List the prime factors of g(-7).
2, 3, 10301
Let c(y) = y**3 - 5*y**2 + 6*y + 2. Let f be c(3). Let o(d) = 45*d - 44. What are the prime factors of o(f)?
2, 23
Suppose -4*l + v + 65 = 0, 2*v + 17 = l + v. Let y be l/(-104) - (-119)/13. Suppose 0 = -y*q + 107 + 676. List the prime factors of q.
3, 29
Let h(i) = -2*i**2 - 51*i - 89 - 10 - 93 + 42*i - 105*i. List the prime factors of h(-50).
2, 127
List the prime factors of 54/54*(1 + 42836).
3, 109, 131
Let n(c) = 27*c - 17. Let l be n(4). Suppose 0 = -4*g - 4, -l = -2*q - g + 6*g. List the prime factors of q.
43
Let p(k) = -k**3 + 13*k**2 - 12*k - 27. Let a be p(12). Let r(x) = -54*x - 229. What are the prime factors of r(a)?
1229
Let p = -22 - -21. Let x be (4/(-3))/(-1)*(p + 4). Let a(c) = 26*c - 6. List the prime factors of a(x).
2, 7
Suppose -3*g + 378 = 4*h, 5*h - 157 - 319 = -2*g. List the prime factors of h.
2, 3
Let u be 4*(-3 + 160) + 0 + 1. Let t = 1009 - u. What are the prime factors of t?
2, 5, 19
Let o be (0/(-15))/(-1 + 0). Suppose o = 3*j + 3*a - 9, 3*a + 11 = 2*j - 0*a. Let h(g) = 3*g**2 - 2*g - 6. List the prime factors of h(j).
2, 17
Let r(s) = -79*s + 681. List the prime factors of r(-22).
41, 59
Let g = 7 - 2. Suppose 0*f + 132 = 5*f + v, -g*v + 114 = 4*f. Let u = f - -9. List the prime factors of u.
5, 7
List the prime factors of (36179/(-33) + 1)/(-1*6/261).
29, 31, 53
Let u(i) = -98*i**2 + 12955*i - 66. List the prime factors of u(131).
3, 5087
Let o(b) = 13*b - 76. Let r be o(-47). Let n = 1171 + r. What are the prime factors of n?
2, 11
Let q(l) = -2*l - 9. Let c be q(3). Let i(t) = t + 7. Let n be i(-9). What are the prime factors of 1518/90 + (-32)/c + n?
17
Suppose 16 = 5*i + 36. Let l(t) = -4*t**2 + 13*t + 73. Let j(r) = -2*r**2 + 7*r + 37. Let b(v) = i*l(v) + 7*j(v). What are the prime factors of b(-8)?
7, 17
Let u = 47945 - 20557. What are the prime factors of u?
2, 41, 167
Suppose -80*g - 15816 = -104*g. Suppose g*u - 9387 = 652*u. List the prime factors of u.
3, 149
Let z(i) = -i + 16. Let a be z(13). Let v be (1 + 5)/(a/(-2)). List the prime factors of v/(-18) - (-790)/90.
3
Suppose -4*o - 7475 = -7*x + 4*x, 0 = 2*x + o - 4976. Suppose 5539 + x = 9*g. List the prime factors of g.
2, 223
Suppose 0 = -54*s + 7419 + 96693. List the prime factors of s.
2, 241
What are the prime factors of -2 - (-54348)/9*(-3)/(-2)?
2, 283
Let o be 1 - -5 - (-876 - -8). Let y = o + 160. List the prime factors of y.
2, 11, 47
Suppose -3*u = 4*a - 24485, 113*u + 18385 = 3*a + 111*u. List the prime factors of a.
5, 7
Let y(m) be the first derivative of 52*m**3/3 - 43*m**2/2 - 160*m + 122. List the prime factors of y(-4).
2, 211
Let y = 203 + 275. Suppose -6*t + 2846 = -y. List the prime factors of t.
2, 277
Let q(m) = 39*m + 2. Let j(r) = r. Let x(u) = 6*j(u) + q(u). Let p be x(4). Suppose 5*v - 717 = -p. What are the prime factors of v?
107
Suppose 356*d - 394*d = -468603 + 164223. What are the prime factors of d?
2, 3, 5, 89
Let s(g) = -72*g - 161. What are the prime factors of s(-47)?
11, 293
Suppose -31985 = -15*z - 935. List the prime factors of z.
2, 3, 5, 23
Suppose -x - x = -5*m + 451, m - 86 = -x. Suppose -q = -263 + 5. Suppose -3*p - 5*h = -562, p + m = 2*h + q. What are the prime factors of p?
179
Let f = -4942 - -8151. List the prime factors of f.
3209
Let p = 32020 - 18560. List the prime factors of p.
2, 5, 673
Let v(s) = 385*s**2 + 146*s + 459. What are the prime factors of v(-3)?
2, 3, 7, 83
Let j = -4112 - -15451. List the prime factors of j.
17, 23, 29
Let d(q) = 67*q - 87. Let j(r) = -270*r + 348. Let x(y) = 9*d(y) + 2*j(y). List the prime factors of x(8).
3, 139
Let i be (0 - 1/1) + 633. Let r = i - 350. Suppose 2*f + 98 = r. What are the prime factors of f?
2, 23
Suppose 247353 - 1203308 = -191*a. What are the prime factors of a?
5, 7, 11, 13
Suppose 340 = 12*r - 14*r. Let z = r - -240. Let c = z - -59. What are the prime factors of c?
3, 43
Suppose -11*j + 30 + 25 = 0. Let d be (j - 2)*12/(-9). List the prime factors of ((-50)/(-15) + 6)/(d/(-30)).
2, 5, 7
Suppose -33*j = 45*j + 25*j - 2287012. List the prime factors of j.
2, 7, 13, 61
Suppose -15*x + 5*s = -20*x - 550, -224 = 2*x - 2*s. List the prime factors of x/(1 + 65/(-50)).
2, 5, 37
Suppose -n + 195 + 322 = 0. Suppose n = 4*f - 555. List the prime factors of f.
2, 67
Let d(c) = -22*c - 109. Let y be (-3)/(15/(-400)*-4). List the prime factors of d(y).
331
Suppose -56*t + 2119132 = -78588. List the prime factors of t.
5, 47, 167
Suppose -10*b + 156392 - 81735 = -134213. List the prime factors of b.
20887
What are the prime factors of 1 + 15/(-12) + (377179/68)/11?
2, 3, 7
Let t(w) = 34*w**2 + 15*w + 28. Let x(z) = z**2 + z + 2. Let l(c) = t(c) + 3*x(c). What are the prime factors of l(-2)?
2, 73
Let w(s) = -s**3 - 9*s**2 - s - 3. Let u = -97 + 88. Let x be w(u). Suppose 0 = -x*n + 3*n + 12. What are the prime factors of n?
2
What are the prime factors of 1 - -3*(1/3)/(6/8088)?
19, 71
Let r(s) = 311*s - 6. Let a be r(2). Let x = -55 + 307. Suppose q = -4*o + x - 60, -3*q - 2*o + a = 0. What are the prime factors of q?
2, 13
Suppose 3235 = 12*x - 36538 - 25615. List the prime factors of x.
5449
Let h(t) = t + 7. Let